{"id":2,"date":"2020-07-18T10:23:11","date_gmt":"2020-07-18T10:23:11","guid":{"rendered":"http:\/\/www.hbkablo.com.tr\/?page_id=2"},"modified":"2022-07-20T07:40:54","modified_gmt":"2022-07-20T07:40:54","slug":"sample-page","status":"publish","type":"page","link":"http:\/\/www.hbkablo.com.tr\/index.php\/sample-page\/","title":{"rendered":"Hakk\u0131m\u0131zda"},"content":{"rendered":"\n<figure class=\"wp-block-image size-large\"><img loading=\"lazy\" width=\"512\" height=\"183\" src=\"http:\/\/www.hbkablo.com.tr\/wp-content\/uploads\/2021\/07\/unnamed.png\" alt=\"\" class=\"wp-image-953\" srcset=\"http:\/\/www.hbkablo.com.tr\/wp-content\/uploads\/2021\/07\/unnamed.png 512w, http:\/\/www.hbkablo.com.tr\/wp-content\/uploads\/2021\/07\/unnamed-300x107.png 300w\" sizes=\"(max-width: 512px) 100vw, 512px\" \/><\/figure>\n\n\n<div class=\"style-340 style-local-2-c1 position-relative\" data-colibri-id=\"2-c1\">\n<div id=\"custom\" class=\"h-section h-section-global-spacing d-flex align-items-lg-center align-items-md-center align-items-center style-345 style-local-2-c2 position-relative\" data-colibri-component=\"section\" data-colibri-id=\"2-c2\">\n<div class=\"h-section-grid-container h-section-boxed-container\">\n<div class=\"h-row-container gutters-row-lg-2 gutters-row-md-2 gutters-row-0 gutters-row-v-lg-2 gutters-row-v-md-2 gutters-row-v-2 style-346 style-local-2-c3 position-relative\" data-colibri-id=\"2-c3\">\n<div class=\"h-row justify-content-lg-center justify-content-md-center justify-content-center align-items-lg-stretch align-items-md-stretch align-items-stretch gutters-col-lg-2 gutters-col-md-2 gutters-col-0 gutters-col-v-lg-2 gutters-col-v-md-2 gutters-col-v-2\">\n<div class=\"h-column h-column-container d-flex h-col-lg-auto h-col-md-auto h-col-auto style-347-outer style-local-2-c4-outer\">\n<div class=\"d-flex h-flex-basis h-column__inner h-px-lg-2 h-px-md-2 h-px-2 v-inner-lg-2 v-inner-md-2 v-inner-2 style-347 style-local-2-c4 position-relative\" data-colibri-id=\"2-c4\">\n<div class=\"w-100 h-y-container h-column__content h-column__v-align flex-basis-100 align-self-lg-start align-self-md-start align-self-start\">\n<div class=\"h-text h-text-component style-348 style-local-2-c5 position-relative h-element\" data-colibri-id=\"2-c5\">\n<p>\u00dclkemizin \u00f6nde gelen tedarik\u00e7i firmalar\u0131ndan birisi olan HB KABLO, kablo \u00e7e\u015fitlili\u011fi ve zengin stok \u00fcr\u00fcnleriyle sa\u011flad\u0131\u011f\u0131 ba\u015far\u0131 ve \u00fcst\u00fcn performans sonucunda, bug\u00fcn kendi sekt\u00f6r\u00fcnde tan\u0131nan bir firma haline gelmi\u015ftir.<\/p>\n<p>Ge\u00e7en zaman i\u00e7erisinde \u00e7ok h\u0131zl\u0131 bir geli\u015fme kaydederek kablo sekt\u00f6r\u00fcn\u00fcn tamam\u0131na hitap eden \u00e7ok geni\u015f bir \u00fcr\u00fcn yelpazesine sahip olan HB KABLO, m\u00fc\u015fterilerinin beklentilerine en iyi ve do\u011fru \u015fekilde cevap vermeyi, en k\u0131sa s\u00fcrede teslimat yapmay\u0131, en iyi kalitede \u00fcr\u00fcn sunmay\u0131 ve s\u00f6z\u00fcnde durmay\u0131 ana hedefleri olarak belirlemi\u015ftir.<\/p>\n<p>\u201cKablodaki \u00e7\u00f6z\u00fcm orta\u011f\u0131n\u0131z\u201d\u00a0 slogan\u0131 ile hareket eden HB KABLO, tecr\u00fcbesi ve sunmu\u015f oldu\u011fu y\u00fcksek kaliteli \u00fcr\u00fcnleri ile sayg\u0131n bir tedarik\u00e7i firma olarak payda\u015flar\u0131n\u0131n ve m\u00fc\u015fterilerinin deste\u011fine, g\u00fcvenine lay\u0131k olacak \u015fekilde hizmet vermeye devam edecektir.<\/p>\n<p>\u00a0<\/p>\n<\/div>\n<\/div>\n<\/div>\n<\/div>\n<\/div>\n<\/div>\n<\/div>\n<\/div>\n<\/div>\n\n\n<p><\/p>\n","protected":false},"excerpt":{"rendered":"<p>\u00dclkemizin \u00f6nde gelen tedarik\u00e7i firmalar\u0131ndan birisi olan HB KABLO, kablo \u00e7e\u015fitlili\u011fi ve zengin stok \u00fcr\u00fcnleriyle sa\u011flad\u0131\u011f\u0131 ba\u015far\u0131 ve \u00fcst\u00fcn performans sonucunda, bug\u00fcn kendi sekt\u00f6r\u00fcnde tan\u0131nan bir firma haline gelmi\u015ftir. Ge\u00e7en zaman i\u00e7erisinde \u00e7ok h\u0131zl\u0131 bir geli\u015fme kaydederek kablo sekt\u00f6r\u00fcn\u00fcn tamam\u0131na hitap eden \u00e7ok geni\u015f bir \u00fcr\u00fcn yelpazesine sahip olan HB KABLO, m\u00fc\u015fterilerinin beklentilerine en iyi [&hellip;]<\/p>\n","protected":false},"author":1,"featured_media":0,"parent":0,"menu_order":0,"comment_status":"closed","ping_status":"open","template":"page-templates\/full-width-page.php","meta":[],"_links":{"self":[{"href":"http:\/\/www.hbkablo.com.tr\/index.php\/wp-json\/wp\/v2\/pages\/2"}],"collection":[{"href":"http:\/\/www.hbkablo.com.tr\/index.php\/wp-json\/wp\/v2\/pages"}],"about":[{"href":"http:\/\/www.hbkablo.com.tr\/index.php\/wp-json\/wp\/v2\/types\/page"}],"author":[{"embeddable":true,"href":"http:\/\/www.hbkablo.com.tr\/index.php\/wp-json\/wp\/v2\/users\/1"}],"replies":[{"embeddable":true,"href":"http:\/\/www.hbkablo.com.tr\/index.php\/wp-json\/wp\/v2\/comments?post=2"}],"version-history":[{"count":10,"href":"http:\/\/www.hbkablo.com.tr\/index.php\/wp-json\/wp\/v2\/pages\/2\/revisions"}],"predecessor-version":[{"id":1051,"href":"http:\/\/www.hbkablo.com.tr\/index.php\/wp-json\/wp\/v2\/pages\/2\/revisions\/1051"}],"wp:attachment":[{"href":"http:\/\/www.hbkablo.com.tr\/index.php\/wp-json\/wp\/v2\/media?parent=2"}],"curies":[{"name":"wp","href":"https:\/\/api.w.org\/{rel}","templated":true}]}}